 is divided by 26?
24
What is the remainder when 13 is divided by 6?
1
Calculate the remainder when 1363 is divided by 308.
131
What is the remainder when 231 is divided by 29?
28
What is the remainder when 290 is divided by 20?
10
Calculate the remainder when 652 is divided by 418.
234
Calculate the remainder when 12 is divided by 8.
4
Calculate the remainder when 201 is divided by 98.
5
Calculate the remainder when 8215 is divided by 274.
269
Calculate the remainder when 303 is divided by 85.
48
What is the remainder when 3802 is divided by 4?
2
What is the remainder when 985 is divided by 51?
16
What is the remainder when 936 is divided by 239?
219
What is the remainder when 1142 is divided by 569?
4
What is the remainder when 1010 is divided by 22?
20
Calculate the remainder when 1016 is divided by 20.
16
Calculate the remainder when 321 is divided by 55.
46
Calculate the remainder when 606 is divided by 125.
106
Calculate the remainder when 2301 is divided by 16.
13
What is the remainder when 702 is divided by 22?
20
Calculate the remainder when 557 is divided by 8.
5
What is the remainder when 2395 is divided by 1193?
9
Calculate the remainder when 428 is divided by 92.
60
What is the remainder when 1784 is divided by 68?
16
Calculate the remainder when 383 is divided by 97.
92
What is the remainder when 169 is divided by 62?
45
Calculate the remainder when 236 is divided by 34.
32
Calculate the remainder when 27935 is divided by 229.
226
What is the remainder when 249 is divided by 63?
60
Calculate the remainder when 574 is divided by 24.
22
What is the remainder when 621 is divided by 24?
21
What is the remainder when 78 is divided by 31?
16
What is the remainder when 278 is divided by 145?
133
What is the remainder when 1572 is divided by 75?
72
What is the remainder when 171 is divided by 44?
39
What is the remainder when 1671 is divided by 60?
51
Calculate the remainder when 3521 is divided by 27.
11
What is the remainder when 245 is divided by 29?
13
Calculate the remainder when 39 is divided by 22.
17
Calculate the remainder when 790 is divided by 252.
34
Calculate the remainder when 16 is divided by 4.
0
What is the remainder when 667 is divided by 221?
4
Calculate the remainder when 91 is divided by 31.
29
Calculate the remainder when 249 is divided by 153.
96
What is the remainder when 277 is divided by 88?
13
What is the remainder when 218 is divided by 109?
0
What is the remainder when 113 is divided by 38?
37
What is the remainder when 13311 is divided by 26?
25
Calculate the remainder when 145 is divided by 30.
25
Calculate the remainder when 501 is divided by 21.
18
Calculate the remainder when 498 is divided by 44.
14
Calculate the remainder when 1350 is divided by 39.
24
Calculate the remainder when 1424 is divided by 154.
38
Calculate the remainder when 10 is divided by 10.
0
Calculate the remainder when 243 is divided by 19.
15
What is the remainder when 1797 is divided by 75?
72
What is the remainder when 1598 is divided by 532?
2
What is the remainder when 170 is divided by 162?
8
Calculate the remainder when 221 is divided by 26.
13
Calculate the remainder when 630 is divided by 8.
6
What is the remainder when 1071 is divided by 4?
3
Calculate the remainder when 1420 is divided by 29.
28
Calculate the remainder when 2 is divided by 1.
0
What is the remainder when 466 is divided by 118?
112
What is the remainder when 1403 is divided by 231?
17
What is the remainder when 1598 is divided by 160?
158
What is the remainder when 823 is divided by 141?
118
What is the remainder when 133 is divided by 60?
13
What is the remainder when 157 is divided by 15?
7
Calculate the remainder when 684 is divided by 64.
44
What is the remainder when 4228 is divided by 23?
19
Calculate the remainder when 15726 is divided by 207.
201
Calculate the remainder when 4415 is divided by 877.
30
Calculate the remainder when 725 is divided by 91.
88
Calculate the remainder when 25 is divided by 3.
1
Calculate the remainder when 105 is divided by 22.
17
Calculate the remainder when 356 is divided by 9.
5
What is the remainder when 271 is divided by 55?
51
Calculate the remainder when 2193 is divided by 1058.
77
Calculate the remainder when 35 is divided by 23.
12
What is the remainder when 88 is divided by 52?
36
Calculate the remainder when 75 is divided by 26.
23
What is the remainder when 53028 is divided by 11?
8
What is the remainder when 511 is divided by 86?
81
Calculate the remainder when 72 is divided by 12.
0
What is the remainder when 1334 is divided by 15?
14
Calculate the remainder when 581 is divided by 198.
185
What is the remainder when 3407 is divided by 1128?
23
Calculate the remainder when 684 is divided by 657.
27
What is the remainder when 18 is divided by 14?
4
What is the remainder when 847 is divided by 175?
147
What is the remainder when 188 is divided by 61?
5
Calculate the remainder when 2755 is divided by 26.
25
Calculate the remainder when 987 is divided by 83.
74
Calculate the remainder when 67 is divided by 10.
7
Calculate the remainder when 143 is divided by 16.
15
What is the remainder when 262 is divided by 93?
76
Calculate the remainder when 2037 is divided by 82.
69
Calculate the remainder when 171 is divided by 39.
15
Calculate the remainder when 641 is divided by 28.
25
Calculate the remainder when 302 is divided by 71.
18
What is the remainder when 2184 is divided by 2?
0
Calculate the remainder when 24 is divided by 2.
0
What is the remainder when 109 is divided by 5?
4
Calculate the remainder when 225 is divided by 109.
7
What is the remainder when 89 is divided by 5?
4
What is the remainder when 175 is divided by 45?
40
What is the remainder when 127 is divided by 47?
33
Calculate the remainder when 419 is divided by 137.
8
What is the remainder when 4962 is divided by 20?
2
Calculate the remainder when 49 is divided by 26.
23
Calculate the remainder when 5506 is divided by 1372.
18
Calculate the remainder when 5 is divided by 2.
1
Calculate the remainder when 148 is divided by 44.
16
Calculate the remainder when 667 is divided by 658.
9
What is the remainder when 1162 is divided by 102?
40
What is the remainder when 6222 is divided by 249?
246
What is the remainder when 1909 is divided by 167?
72
What is the remainder when 6237 is divided by 39?
36
What is the remainder when 480 is divided by 16?
0
What is the remainder when 1252 is divided by 57?
55
What is the remainder when 14957 is divided by 9?
8
What is the remainder when 129 is divided by 47?
35
Calculate the remainder when 10650 is divided by 53.
50
Calculate the remainder when 638 is divided by 20.
18
Calculate the remainder when 1451 is divided by 44.
43
Calculate the remainder when 8229 is divided by 196.
193
What is the remainder when 37 is divided by 19?
18
Calculate the remainder when 45 is divided by 21.
3
Calculate the remainder when 368 is divided by 29.
20
What is the remainder when 637 is divided by 209?
10
What is the remainder when 318 is divided by 32?
30
What is the remainder when 1092 is divided by 101?
82
What is the remainder when 338 is divided by 19?
15
What is the remainder when 579 is divided by 161?
96
Calculate the remainder when 224 is divided by 119.
105
What is the remainder when 15178 is divided by 46?
44
Calculate the remainder when 67 is divided by 15.
7
What is the remainder when 248 is divided by 9?
5
Calculate the remainder when 4 is divided by 2.
0
Calculate the remainder when 17 is divided by 6.
5
Calculate the remainder when 1425 is divided by 473.
6
What is the remainder when 1467 is divided by 244?
3
Calculate the remainder when 38 is divided by 2.
0
What is the remainder when 1081 is divided by 513?
55
Calculate the remainder when 67 is divided by 26.
15
What is the remainder when 694 is divided by 172?
6
What is the remainder when 2498 is divided by 49?
48
Calculate the remainder when 160 is divided by 33.
28
Calculate the remainder when 193 is divided by 7.
4
Calculate the remainder when 13350 is divided by 79.
78
Calculate the remainder when 51 is divided by 19.
13
Calculate the remainder when 290 is divided by 23.
14
What is the remainder when 400 is divided by 26?
10
Calculate the remainder when 35